= i + 35. Let v(g) = -7*g + 1. Determine v(d).
8
Let y(h) = h**3 + 5*h - 1. Let j(m) = 5*m**3 + 7*m**2 + 39*m + 5. Let g(z) = j(z) - 6*y(z). Give g(8).
19
Let m(d) = -13*d**3 + 20*d**2 - 25*d - 12. Let q be (-6)/(-7 + 10) - 4/(-1). Let l(x) = 3*x**3 - 5*x**2 + 6*x + 3. Let b(w) = q*m(w) + 9*l(w). Determine b(4).
3
Let a(l) = -l**2 + 10*l - 3. Suppose -5*o = -3*y - 18 + 42, -2*o = 0. What is a(y)?
13
Let j(t) = 3*t + 0 + 3*t**2 + 1 + 1. Suppose 11*a = -212 + 190. Determine j(a).
8
Suppose -5*o + 54 = -4*h - 3, 3 = -h. Let v(j) = -j**2 + 10*j - 2. Calculate v(o).
7
Let c(d) = 4*d**2 + 13*d + 1. Let s(u) = 3*u**2 + 12*u + 1. Let g(k) = -2*c(k) + 3*s(k). Determine g(-9).
-8
Let r(d) = d**3 + 12*d**2 + 20*d + 5. Let a be r(-10). Suppose -m - 17 = 4*p, 4*p = m + a*p + 8. Let x(o) = o**3 + 5*o**2 + o - 1. What is x(m)?
-6
Let s(y) = -2*y + 46. Suppose 0 = -5*p - n + 90, -n - 2*n = 4*p - 61. Let v be s(p). Let a(t) = -t**3 + 7*t**2 + 8*t - 2. Calculate a(v).
-2
Let b(g) = -g**3 - 4*g**2 - 6*g + 1. Let j be b(-3). Suppose -3*p - 4*z = -6*p + 22, -5*p = 5*z + j. Let o(v) = -8*v - 2*v**p - 204 + v**2 + 198. What is o(-7)?
1
Let z be 26/(-12) + 11/66. Let y(t) = t**3 + t**2 + 4*t + 4. Give y(z).
-8
Let a(q) = -5*q**2 + 25*q + 37. Let m be a(6). Let w(g) = g**2 - 6*g + 5. Calculate w(m).
12
Let a(o) = -23*o - 3. Suppose -r = 51 - 54. Let t(v) = 1 + 1 + 9*v + 3*v. Let s(c) = r*a(c) + 5*t(c). Determine s(-1).
10
Let f(l) = l**3 + 6969*l - 3491*l - 4*l**2 - 3484*l. Let b(n) = -n**3 + 5*n**2 - 4*n + 3. Let x be b(4). Let r be 2/(-6)*(-12 - x). Determine f(r).
-5
Suppose -6*p - 3 = -3*j - 3*p, -5*j = -4*p - 7. Let m(t) = -78 - 2*t + 77 - 17*t**3 + 5*t**2 + 16*t**3. Determine m(j).
11
Let d(q) = q**3 - q**2 - 3*q - 4. Let p be 22/8 - (-8)/32. Suppose g + 1 = p. Suppose 0 = k + 5*y + 17, y = -g*k - 0*y + 2. Give d(k).
5
Let l(g) = -3*g**3 - 1. Let p(w) = 3*w**3 - w - 2. Let b(c) = -3*l(c) + p(c). Suppose -2 = -3*j + 1. Give b(j).
12
Let a(x) = -x**2 + 16*x + 17. Let b be 220/12 + 2*5/(-30). Calculate a(b).
-19
Let x(j) be the first derivative of -j**3/3 + 3*j**2 + 8*j + 179. Calculate x(7).
1
Let c = 0 - -1. Let p(s) = -22 + 8 - 10*s + 2 + 13. What is p(c)?
-9
Let v(w) = 2*w**3 + 10*w**2 - 14*w - 8. Let j be v(-6). Let o(g) = -7*g**2 + 8*g**2 + 2 - 4*g + j - 3*g. Suppose -m - 4*m + 25 = 0. Give o(m).
-4
Let l(c) be the second derivative of c**3/2 + 4*c**2 - 147*c. What is l(-6)?
-10
Let u(w) be the first derivative of 4*w**3 + 2 + 1/120*w**5 + 0*w - 1/6*w**4 + 0*w**2. Let d(m) be the third derivative of u(m). Give d(-4).
-8
Let m(j) = -j - 19. Suppose 341 = 16*t + 5. Let o = -32 + t. Give m(o).
-8
Let a be 3/(-1)*2/(-6). Let c(w) = 4*w + 6. Let b be c(0). Let u(o) = 8*o**2 - 4 + 8*o - o + 3 - b*o. Determine u(a).
8
Let r(q) = -q**3 - 6*q**2 + 6*q - 3. Let i be (2/(-2))/(5/15). Let z(a) = -6*a - 9. Let t(y) = -y - 2. Let p(l) = 11*t(l) - 2*z(l). Let n be p(i). Give r(n).
4
Let d(n) = 2*n**2 + n + 1. Suppose -5*k + 4*b = 6*b + 25, 17 = -4*k - b. Give d(k).
16
Let n(r) be the second derivative of r**3/6 + 5*r**2 + 4*r + 56. Calculate n(9).
19
Let v(b) = b**2 - 7*b + 2. Let k(n) = -n + 11. Suppose 0 = 24*d - 20*d - 16. Let u be k(d). Give v(u).
2
Suppose 4*o - 418 = -102. Let b = o - 77. Let j(u) = 2*u - 5. Let s(f) = 3*f - 11. Let x(r) = 5*j(r) - 2*s(r). What is x(b)?
5
Let g(l) be the second derivative of -1/6*l**3 + 0 + 1/20*l**5 + 0*l**4 - 1/2*l**2 - 2*l. Determine g(-2).
-7
Let s(l) = -3*l**2 + 6*l - 5. Let x(n) = -4*n**2 + 5*n - 4. Let m(u) = 5*s(u) - 4*x(u). Determine m(-10).
-9
Suppose -7*t = -2*t. Suppose t = 4*q + 4*l + 40, 0 = 5*l + 8 + 12. Let n(v) = -v**2 - 4*v + 1. What is n(q)?
-11
Let j(b) = -b + 18. Let t be j(16). Let u(a) = -5 - 4 + 4 - 3 - a**t. Suppose 0 = -0*h + 2*h. Determine u(h).
-8
Let f(t) = -8*t + 12. Let r(x) = 2*x - 2. Let n(l) = -f(l) - 3*r(l). Determine n(6).
6
Let a(t) = 4*t - 10. Suppose -5*p = -4*b - 7, -3*p = 48*b - 43*b - 19. What is a(p)?
2
Let t(h) = 5*h**3 + 10*h**2 - 6*h + 5. Let i(n) = 4*n**3 + 9*n**2 - 6*n + 6. Let j(y) = -4*i(y) + 3*t(y). What is j(-7)?
-2
Let u = -352 + 352. Let r(q) = 2*q**3 + q**2 + q - 4. What is r(u)?
-4
Let c = -17 + 20. Suppose -4*s + 4*f + 16 = 0, c*s + f + 12 - 40 = 0. Let y = s - 2. Let r(a) = -a**2 + 5*a + 2. Calculate r(y).
-4
Suppose -15*l = -13*l + u + 16, 16 = -2*l + u. Let p(n) = n**3 + 8*n**2 + 3. What is p(l)?
3
Let i = -131 + 124. Let r(g) = 3*g**3 + 7*g**2 + g + 7. Let a(u) = 10*u**3 + 21*u**2 + 3*u + 21. Let f(j) = i*r(j) + 2*a(j). Calculate f(-7).
0
Let n(k) be the third derivative of -k**4/12 - k**3 - 3*k**2. Let i(x) = x**3 + 3*x**2 - 9*x + 1. Let s be i(-5). What is n(s)?
2
Let p(c) be the third derivative of c**5/60 - 3*c**4/8 + 4*c**3 + 818*c**2. Calculate p(5).
4
Let f(z) = -6*z - 10. Let c be (3/5)/(7/70). Let k(q) = 7*q + 10. Let w(i) = c*f(i) + 5*k(i). Let r(g) = g**3 + 2*g**2 - 1. Let l be r(-1). Give w(l).
-10
Suppose o = 4*r - 7, 0 = -12*o + 15*o - 5*r. Let n(f) = -f**2 + 3*f - 3. Calculate n(o).
-13
Let p(q) = -q + 1. Let i(s) = 1. Suppose -r + 0*d + d = 1, -d = 2*r + 2. Let h(y) = r*p(y) + 5*i(y). Give h(-4).
0
Let c(m) = -14*m**3 + 3*m**2 - 4*m + 2. Let g be c(1). Let t be (g - 5)*(-1)/(-3). Let x(z) = -z**2 - 5*z - 7. Calculate x(t).
-13
Suppose 40 = 2*d + 4*c, -4*d + 16 = -3*d + c. Let x(y) = -y**2 + 12*y - 2. Determine x(d).
-2
Let s be (-2 - -8)/((-1)/2 - -2). Let u be s - (1/(-2) + 0)*0. Let o(l) = l**2 - 2*l + 6. Give o(u).
14
Suppose -13 + 1 = -4*o. Let x(q) = -q**3 - 3*q**2 - 49*q + 51*q + 2*q**o + 4 + 0*q**3. Give x(3).
10
Let m = -50 + 52. Let a(k) = 5*k - m*k - 5*k - k. What is a(-4)?
12
Let u(b) = -b**2 + 25*b - 8. Let p(t) = -t**2 + 23*t - 9. Let k(x) = 5*p(x) - 4*u(x). Determine k(13).
13
Let p = -22 + 42. Let r be p + (-12)/(5 - 1). Let n = 18 - r. Let w(z) = -6*z**2 - z. What is w(n)?
-7
Let x(s) = -3*s + 21. Let w(q) = q - 11. Let t(a) = -5*w(a) - 3*x(a). Calculate t(7).
20
Let w(o) = -o**2 - 2. Let g(a) = a**2 - 1. Let c(b) = -b**3 + 15*b**2 + 2*b - 28. Let p be c(15). Let f(l) = p*g(l) + w(l). Give f(-3).
5
Let o(h) = 3*h**3 - 2*h + 4*h**2 - h**3 - h**3 + 0*h**3 - 6. Suppose -4*f + 3 + 45 = 0. Let g = f + -16. Give o(g).
2
Let l be 2/4 + 186/12. Let i be -2*6*(-4)/l. Let b(x) = -3*x + 3*x + 4 + i*x - 4*x. What is b(4)?
0
Let q(t) = 4*t - 1. Let n(l) = 21*l + 3. Let r(v) = -n(v) + 6*q(v). Determine r(8).
15
Let o(x) be the first derivative of x**3/3 - 9*x**2/2 - 3*x + 217. Determine o(7).
-17
Let x(s) be the second derivative of -1/2*s**2 - 1/6*s**3 - 36*s + 0 - 5/12*s**4. Let j = 1 - 2. Calculate x(j).
-5
Suppose -4*y + 2*a - 28 = 0, -38 = 5*y - 3*a - a. Let d(f) be the first derivative of -f**2 - 7*f + 9. Calculate d(y).
5
Let i(q) be the third derivative of -q**5/30 - q**4/8 + 35*q**2. Let z = 52 + -55. Determine i(z).
-9
Let a be ((-4)/(-12)*0)/(-1). Let c(q) be the first derivative of q**4/4 - q**3/3 - q**2/2 - 12*q + 42. Calculate c(a).
-12
Let k(q) = q**2 + 10*q - 1. Let b be k(-10). Let p be b*-6*(-2)/6. Let v(r) be the third derivative of -r**5/60 - r**4/6 - r**3/2 - 3*r**2. What is v(p)?
1
Let r(t) = 4*t - 3. Let i = 1 - 3. Let n be 21 + (-6)/(i - 0). Let x = n + -22. What is r(x)?
5
Let n(f) = 177 - 177 - f. Let l(v) = 4. Let a(h) = l(h) - n(h). Determine a(0).
4
Let n(h) be the first derivative of 2*h + 17 - 1/2*h**2. What is n(-6)?
8
Let c(m) = -9770 + 4887 - m**2 + 7*m + 4889. Calculate c(6).
12
Let c = 10 + -7. Suppose -5*m - 6 = -1, c*g + 3*m = 6. Suppose -2*d = -4*w - g - 19, 2*w + 3*d - 1 = 0. Let s(i) = -i**3 - 4*i**2 - 4*i - 2. Determine s(w).
14
Let h(k) = -k. Let v(r) = 18*r**2 + 3*r + 1. Let z(g) = 4*h(g) + v(g). Give z(1).
18
Let g(u) = -6*u - 89. Let o be g(-14). Let x(r) = r - 14. Calculate x(o).
-19
Let v(c) = c + 1. Let y be v(-6). Let u(b) = b + 4 + 4 + 1. Let d be u(y). Let f(a) = a**2 - 5*a. Calculate f(d).
-4
Let j(l) = -7*l - 3. Let h(x) = -13*x - 7. Let u(d) = 4*h(d) - 9*j(d). Let p = 825 + -824. Calculate u(p).
10
Let q(r) = 3*r + 6. Let h = 6 + -2. Suppose 12 = -0*p - h*p. Let x be q(p). Let l(c) = -c**3 - 5*c**2 - 3*c - 4. Determine l(x).
-13
Let b(j) = j**2 - 12*j. Let g(x) = -x**2 + 11*x. Suppose 0 = -3*l + 23 - 8. Let n = -1 - -7. Let o(c) = l*b(c) + n*g(c). What is o(3)?
9
Let m(b) = 0 + 24 + 8 + b - 12 + 4.